{"version":"1.0","provider_name":"le carnet - Piel","provider_url":"https:\/\/www.pielnet.fr\/carnet","author_name":"arnopiel","author_url":"https:\/\/www.pielnet.fr\/carnet\/author\/arnopiel\/","title":"La part du Paysage - bient\u00f4t - le carnet - Piel","type":"rich","width":600,"height":338,"html":"<blockquote class=\"wp-embedded-content\" data-secret=\"v6qJkQJ2aT\"><a href=\"https:\/\/www.pielnet.fr\/carnet\/la-part-du-paysage\/\">La part du Paysage &#8211; bient\u00f4t<\/a><\/blockquote><iframe sandbox=\"allow-scripts\" security=\"restricted\" src=\"https:\/\/www.pielnet.fr\/carnet\/la-part-du-paysage\/embed\/#?secret=v6qJkQJ2aT\" width=\"600\" height=\"338\" title=\"\u00ab\u00a0La part du Paysage &#8211; bient\u00f4t\u00a0\u00bb &#8212; le carnet - Piel\" data-secret=\"v6qJkQJ2aT\" frameborder=\"0\" marginwidth=\"0\" marginheight=\"0\" scrolling=\"no\" class=\"wp-embedded-content\"><\/iframe><script>\n\/*! This file is auto-generated *\/\n!function(d,l){\"use strict\";l.querySelector&&d.addEventListener&&\"undefined\"!=typeof URL&&(d.wp=d.wp||{},d.wp.receiveEmbedMessage||(d.wp.receiveEmbedMessage=function(e){var t=e.data;if((t||t.secret||t.message||t.value)&&!\/[^a-zA-Z0-9]\/.test(t.secret)){for(var s,r,n,a=l.querySelectorAll('iframe[data-secret=\"'+t.secret+'\"]'),o=l.querySelectorAll('blockquote[data-secret=\"'+t.secret+'\"]'),c=new RegExp(\"^https?:$\",\"i\"),i=0;i<o.length;i++)o[i].style.display=\"none\";for(i=0;i<a.length;i++)s=a[i],e.source===s.contentWindow&&(s.removeAttribute(\"style\"),\"height\"===t.message?(1e3<(r=parseInt(t.value,10))?r=1e3:~~r<200&&(r=200),s.height=r):\"link\"===t.message&&(r=new URL(s.getAttribute(\"src\")),n=new URL(t.value),c.test(n.protocol))&&n.host===r.host&&l.activeElement===s&&(d.top.location.href=t.value))}},d.addEventListener(\"message\",d.wp.receiveEmbedMessage,!1),l.addEventListener(\"DOMContentLoaded\",function(){for(var e,t,s=l.querySelectorAll(\"iframe.wp-embedded-content\"),r=0;r<s.length;r++)(t=(e=s[r]).getAttribute(\"data-secret\"))||(t=Math.random().toString(36).substring(2,12),e.src+=\"#?secret=\"+t,e.setAttribute(\"data-secret\",t)),e.contentWindow.postMessage({message:\"ready\",secret:t},\"*\")},!1)))}(window,document);\n<\/script>\n","thumbnail_url":"https:\/\/www.pielnet.fr\/carnet\/wp-content\/uploads\/2024\/09\/IMG-20240921-WA0000.jpg","thumbnail_width":1600,"thumbnail_height":1200,"description":"la part du paysage un film d'Arnaud Jamin, bient\u00f4t ! C\u2019est l\u2019histoire de Piel, citadin qui vit dans un monde virtuel, hyper-connect\u00e9 et m\u00eame assist\u00e9 par une intelligence artificielle effective et qui se pose des questions, recherche un \u00e9quilibre, d\u00e9cide un jour de tout plaquer pour partir sur les routes de France qu\u2019il va traverser \u00e0 pieds, \u00e0 v\u00e9lo, \u00e0 dos d\u2019\u00e2ne... Piel vit sa transition, sa transformation et apr\u00e8s plusieurs exp\u00e9riences concr\u00e8tes dans le monde r\u00e9el, finit par vivre en coh\u00e9rence avec lui-m\u00eame et son milieu; son paysage."}

La part du Paysage - bientôt - le carnet - Piel

<blockquote class="wp-embedded-content" data-secret="v6qJkQJ2aT"><a href="https://www.pielnet.fr/carnet/la-part-du-paysage/">La part du Paysage &#8211; bientôt</a></blockquote><iframe sandbox="allow-scripts" security="restricted" src="https://www.pielnet.fr/carnet/la-part-du-paysage/embed/#?secret=v6qJkQJ2aT" width="600" height="338" title="« La part du Paysage &#8211; bientôt » &#8212; le carnet - Piel" data-secret="v6qJkQJ2aT" frameborder="0" marginwidth="0" marginheight="0" scrolling="no" class="wp-embedded-content"></iframe><script>
/*! This file is auto-generated */
!function(d,l){"use strict";l.querySelector&&d.addEventListener&&"undefined"!=typeof URL&&(d.wp=d.wp||{},d.wp.receiveEmbedMessage||(d.wp.receiveEmbedMessage=function(e){var t=e.data;if((t||t.secret||t.message||t.value)&&!/[^a-zA-Z0-9]/.test(t.secret)){for(var s,r,n,a=l.querySelectorAll('iframe[data-secret="'+t.secret+'"]'),o=l.querySelectorAll('blockquote[data-secret="'+t.secret+'"]'),c=new RegExp("^https?:$","i"),i=0;i<o.length;i++)o[i].style.display="none";for(i=0;i<a.length;i++)s=a[i],e.source===s.contentWindow&&(s.removeAttribute("style"),"height"===t.message?(1e3<(r=parseInt(t.value,10))?r=1e3:~~r<200&&(r=200),s.height=r):"link"===t.message&&(r=new URL(s.getAttribute("src")),n=new URL(t.value),c.test(n.protocol))&&n.host===r.host&&l.activeElement===s&&(d.top.location.href=t.value))}},d.addEventListener("message",d.wp.receiveEmbedMessage,!1),l.addEventListener("DOMContentLoaded",function(){for(var e,t,s=l.querySelectorAll("iframe.wp-embedded-content"),r=0;r<s.length;r++)(t=(e=s[r]).getAttribute("data-secret"))||(t=Math.random().toString(36).substring(2,12),e.src+="#?secret="+t,e.setAttribute("data-secret",t)),e.contentWindow.postMessage({message:"ready",secret:t},"*")},!1)))}(window,document);
</script>

la part du paysage un film d'Arnaud Jamin, bientôt ! C’est l’histoire de Piel, citadin qui vit dans un monde virtuel, hyper-connecté et même assisté par une intelligence artificielle effective et qui se pose des questions, recherche un équilibre, décide un jour de tout plaquer pour partir sur les routes de France qu’il va traverser à pieds, à vélo, à dos d’âne... Piel vit sa transition, sa transformation et après plusieurs expériences concrètes dans le monde réel, finit par vivre en cohérence avec lui-même et son milieu; son paysage.
